{"id":14,"date":"2023-04-10T11:38:47","date_gmt":"2023-04-10T11:38:47","guid":{"rendered":"http:\/\/ma-elektro.pl\/?page_id=14"},"modified":"2024-01-30T18:29:15","modified_gmt":"2024-01-30T18:29:15","slug":"strona-glowna","status":"publish","type":"page","link":"https:\/\/ma-elektro.pl\/","title":{"rendered":"Strona g\u0142\u00f3wna"},"content":{"rendered":"\n<p><strong>Us\u0142ugi Elektryczne dla Firm i Przemys\u0142u: Solidno\u015b\u0107 i Jako\u015b\u0107 na Pierwszym Miejscu<\/strong><\/p>\n\n\n\n<div class=\"wp-block-cover alignfull is-light wp-duotone-unset-1\" style=\"min-height:700px;aspect-ratio:unset;\"><span aria-hidden=\"true\" class=\"wp-block-cover__background has-background-dim-0 has-background-dim\"><\/span><img loading=\"lazy\" decoding=\"async\" width=\"1920\" height=\"2560\" class=\"wp-block-cover__image-background wp-image-59\" alt=\"\" src=\"https:\/\/ma-elektro.pl\/wp-content\/uploads\/2024\/01\/IMG_20230509_123530_430-scaled.jpg\" data-object-fit=\"cover\" srcset=\"https:\/\/ma-elektro.pl\/wp-content\/uploads\/2024\/01\/IMG_20230509_123530_430-scaled.jpg 1920w, https:\/\/ma-elektro.pl\/wp-content\/uploads\/2024\/01\/IMG_20230509_123530_430-225x300.jpg 225w, https:\/\/ma-elektro.pl\/wp-content\/uploads\/2024\/01\/IMG_20230509_123530_430-768x1024.jpg 768w, https:\/\/ma-elektro.pl\/wp-content\/uploads\/2024\/01\/IMG_20230509_123530_430-1152x1536.jpg 1152w, https:\/\/ma-elektro.pl\/wp-content\/uploads\/2024\/01\/IMG_20230509_123530_430-1536x2048.jpg 1536w\" sizes=\"auto, (max-width: 1920px) 100vw, 1920px\" \/><div class=\"wp-block-cover__inner-container is-layout-flow wp-block-cover-is-layout-flow\">\n<p class=\"has-text-align-center has-nv-light-bg-color has-text-color\" style=\"font-size:17px\"><\/p>\n\n\n\n<div style=\"height:80px\" aria-hidden=\"true\" class=\"wp-block-spacer\"><\/div>\n\n\n\n<div style=\"height:80px\" aria-hidden=\"true\" class=\"wp-block-spacer\"><\/div>\n\n\n\n<p><\/p>\n<\/div><\/div>\n","protected":false},"excerpt":{"rendered":"<p>Us\u0142ugi Elektryczne dla Firm i Przemys\u0142u: Solidno\u015b\u0107 i Jako\u015b\u0107 na Pierwszym Miejscu<\/p>\n","protected":false},"author":1,"featured_media":0,"parent":0,"menu_order":0,"comment_status":"closed","ping_status":"closed","template":"","meta":{"neve_meta_sidebar":"","neve_meta_container":"","neve_meta_enable_content_width":"on","neve_meta_content_width":100,"neve_meta_title_alignment":"","neve_meta_author_avatar":"","neve_post_elements_order":"","neve_meta_disable_header":"off","neve_meta_disable_footer":"","neve_meta_disable_title":"on","footnotes":""},"class_list":["post-14","page","type-page","status-publish","hentry"],"_links":{"self":[{"href":"https:\/\/ma-elektro.pl\/index.php\/wp-json\/wp\/v2\/pages\/14","targetHints":{"allow":["GET"]}}],"collection":[{"href":"https:\/\/ma-elektro.pl\/index.php\/wp-json\/wp\/v2\/pages"}],"about":[{"href":"https:\/\/ma-elektro.pl\/index.php\/wp-json\/wp\/v2\/types\/page"}],"author":[{"embeddable":true,"href":"https:\/\/ma-elektro.pl\/index.php\/wp-json\/wp\/v2\/users\/1"}],"replies":[{"embeddable":true,"href":"https:\/\/ma-elektro.pl\/index.php\/wp-json\/wp\/v2\/comments?post=14"}],"version-history":[{"count":12,"href":"https:\/\/ma-elektro.pl\/index.php\/wp-json\/wp\/v2\/pages\/14\/revisions"}],"predecessor-version":[{"id":84,"href":"https:\/\/ma-elektro.pl\/index.php\/wp-json\/wp\/v2\/pages\/14\/revisions\/84"}],"wp:attachment":[{"href":"https:\/\/ma-elektro.pl\/index.php\/wp-json\/wp\/v2\/media?parent=14"}],"curies":[{"name":"wp","href":"https:\/\/api.w.org\/{rel}","templated":true}]}}